 a multiple of 75?
False
Does 885 divide 187620?
True
Does 172 divide 202960?
True
Is 2177428 a multiple of 39?
False
Is 19 a factor of 23959?
True
Is 468000 a multiple of 26?
True
Is 1705337 a multiple of 3?
False
Does 43 divide 2099078?
False
Is 161 a factor of 109278?
False
Is 23 a factor of 1942143?
True
Is 87 a factor of 7592142?
True
Is 2283970 a multiple of 13?
True
Does 728 divide 576576?
True
Does 27 divide 34047?
True
Does 178 divide 238698?
True
Is 13 a factor of 66630?
False
Is 21287040 a multiple of 40?
True
Is 395295 a multiple of 219?
True
Is 2000 a factor of 11764000?
True
Is 424 a factor of 303815?
False
Does 113 divide 133775?
False
Is 246812 a multiple of 13?
False
Is 222240 a multiple of 240?
True
Does 35 divide 441105?
True
Does 241 divide 10993583?
False
Is 4022588 a multiple of 368?
False
Is 22 a factor of 1164843?
False
Is 506 a factor of 1809497?
False
Does 289 divide 1153688?
True
Does 45 divide 2706025?
False
Is 220 a factor of 752620?
True
Is 118745 a multiple of 68?
False
Is 23000 a multiple of 50?
True
Is 123017 a multiple of 86?
False
Does 92 divide 51970?
False
Does 104 divide 25354160?
True
Is 269 a factor of 15045976?
False
Is 57 a factor of 168549?
True
Does 31 divide 391468?
True
Is 53 a factor of 229686?
False
Is 6715056 a multiple of 79?
False
Does 2607 divide 564026?
False
Is 26 a factor of 104797?
False
Is 18 a factor of 13232772?
True
Does 63 divide 1445505?
False
Is 254 a factor of 5648960?
True
Does 19 divide 261592?
True
Is 631000 a multiple of 200?
True
Is 104554 a multiple of 5?
False
Is 824619 a multiple of 69?
True
Is 26921 a multiple of 105?
False
Does 476 divide 7279468?
True
Is 6036666 a multiple of 97?
False
Is 64 a factor of 12608?
True
Does 45 divide 6758730?
True
Is 156 a factor of 82561?
False
Is 1464 a factor of 6340584?
True
Is 239 a factor of 120695?
True
Is 2212515 a multiple of 81?
True
Is 7 a factor of 398727?
True
Is 189 a factor of 1420208?
False
Is 224548 a multiple of 45?
False
Does 51 divide 6192329?
False
Is 1826046 a multiple of 8?
False
Is 716528 a multiple of 38?
True
Does 532 divide 3096935?
False
Is 3041028 a multiple of 384?
False
Is 350930 a multiple of 70?
False
Does 33 divide 6237?
True
Is 9 a factor of 3300705?
True
Does 577 divide 118862?
True
Is 164602 a multiple of 15?
False
Is 118 a factor of 3407333?
False
Does 1174 divide 10184450?
True
Is 529254 a multiple of 354?
False
Is 5 a factor of 104688?
False
Is 80 a factor of 82000?
True
Does 10 divide 3883746?
False
Is 29 a factor of 3362744?
False
Is 36951 a multiple of 327?
True
Is 15 a factor of 800055?
True
Is 251 a factor of 383277?
True
Is 11 a factor of 19490?
False
Does 57 divide 1741977?
True
Is 131537 a multiple of 9?
False
Does 136 divide 382954?
False
Is 87 a factor of 3226395?
True
Is 45125 a multiple of 25?
True
Is 357 a factor of 1095276?
True
Is 91019 a multiple of 2?
False
Is 46 a factor of 1001788?
True
Does 588 divide 1294067?
False
Does 10 divide 494579?
False
Is 236340 a multiple of 234?
True
Is 6 a factor of 1646118?
True
Is 18 a factor of 19494?
True
Is 16776672 a multiple of 292?
False
Is 899 a factor of 2492927?
True
Does 200 divide 1583354?
False
Is 36036 a multiple of 84?
True
Is 104770 a multiple of 9?
False
Is 3008512 a multiple of 904?
True
Does 67 divide 19548?
False
Is 423198 a multiple of 34?
True
Does 15 divide 23790?
True
Does 16 divide 221024?
True
Is 1023 a factor of 4685691?
False
Does 50 divide 73627?
False
Is 132827 a multiple of 6?
False
Is 2811324 a multiple of 1394?
False
Is 2563948 a multiple of 899?
True
Does 70 divide 58782?
False
Is 1144535 a multiple of 147?
False
Is 344652 a multiple of 28?
True
Is 118 a factor of 297714?
True
Is 217893 a multiple of 111?
True
Is 41 a factor of 28773?
False
Is 81237 a multiple of 194?
False
Is 3558246 a multiple of 335?
False
Is 174 a factor of 8698921?
False
Is 4980320 a multiple of 68?
True
Does 19 divide 72884?
True
Is 5655537 a multiple of 603?
True
Does 4 divide 347020?
True
Is 36 a factor of 50186?
False
Is 446217 a multiple of 177?
True
Is 14 a factor of 167244?
True
Does 160 divide 685760?
True
Is 2972898 a multiple of 36?
False
Is 14 a factor of 186690?
True
Is 4661550 a multiple of 50?
True
Is 65070 a multiple of 7?
False
Is 106 a factor of 3807308?
True
Is 3696000 a multiple of 420?
True
Does 77 divide 126511?
True
Is 46 a factor of 3718086?
False
Is 9217128 a multiple of 17?
True
Is 7 a factor of 71589?
True
Is 4549028 a multiple of 44?
True
Is 19 a factor of 83856?
False
Is 76 a factor of 408247?
False
Does 463 divide 2302962?
True
Is 1254240 a multiple of 603?
True
Is 1771440 a multiple of 61?
True
Is 72 a factor of 8889650?
False
Does 930 divide 1385479?
False
Does 83 divide 340051?
True
Is 24 a factor of 368968?
False
Does 83 divide 452815?
False
Does 32 divide 2641760?
True
Does 14 divide 30582?
False
Is 704 a factor of 2670976?
True
Is 21 a factor of 64354?
False
Does 26 divide 1170369?
False
Does 74 divide 114404?
True
Is 376118 a multiple of 181?
True
Does 43 divide 13922?
False
Does 65 divide 20741420?
False
Does 5 divide 101410?
True
Is 95 a factor of 4661919?
False
Is 2029310 a multiple of 1060?
False
Is 20 a factor of 1113180?
True
Is 69476 a multiple of 4?
True
Is 681 a factor of 11899?
False
Does 22 divide 1132230?
True
Is 388760 a multiple of 40?
True
Is 3926880 a multiple of 90?
True
Is 359738 a multiple of 86?
True
Is 33319 a multiple of 2?
False
Is 3 a factor of 64256?
False
Is 423157 a multiple of 61?
True
Does 24 divide 18027504?
True
Is 105 a factor of 2752890?
True
Does 9 divide 4054803?
False
Is 10411356 a multiple of 131?
True
Does 412 divide 1101891?
False
Does 9 divide 250056?
True
Does 18 divide 448632?
True
Does 60 divide 154831?
False
Is 99 a factor of 1311296?
False
Does 315 divide 543375?
True
Is 183844 a multiple of 59?
True
Is 128 a factor of 1392512?
True
Is 609566 a multiple of 303?
False
Does 18 divide 636275?
False
Is 18 a factor of 3366300?
False
Is 2709962 a multiple of 16?
False
Is 25320 a multiple of 12?
True
Does 24 divide 88560?
True
Is 264 a factor of 1662408?
True
Is 5 a factor of 8869840?
True
Does 15 divide 157755?
True
Is 217 a factor of 2834454?
True
Does 27 divide 26907?
False
Is 24092072 a multiple of 61?
True
Does 2 divide 149184?
True
Does 122 divide 160975?
False
Does 21 divide 54349?
False
Is 794650 a multiple of 50?
True
Is 507 a factor of 1324403?
False
Does 11 divide 139797?
False
Does 127 divide 505460?
True
Is 2577370 a multiple of 124?
False
Does 51 divide 4553280?
True
Is 34 a factor of 37187636?
True
Is 33 a factor of 10768923?
True
Is 28 a factor of 197616?
False
Does 3 divide 289827?
True
Is 985800 a multiple of 465?
True
Does 400 divide 4839431?
False
Is 3 a factor of 803119?
False
Is 69 a factor of 142140?
True
Is 8542153 a multiple of 37?
True
Is 8 a factor of 1994928?
True
Is 16 a factor of 176320?
True
Does 9 divide 487144?
False
Is 63 a factor of 510051?
False
Is 110 a factor of 383680?
True
Does 450 divide 1214100?
True
Is 359 a factor of 1958704?
True
Is 186600 a multiple of 30?
True
Is 77753 a multiple of 89?
False
Does 43 divide 2037125?
True
Is 47 a factor of 2227529?
False
Is 82 a factor of 2773076?
True
Does 86 divide 162110?
True
Is 15 a factor of 124354?
False
Is 244233 a multiple of 58?
False
Does 162 divide 2621970?
True
Does 51 divide 2177496?
True
Is 323 a factor of 9171494?
False
Is 52 a factor of 4596228?
True
Does 193 divide 92061?
True
Does 17 divide 4088044?
False
Does 232 divide 46168?
True
Is 7151736 a multiple of 12?
True
Is 206 a factor of 504354?
False
Does 22 divide 5915382?
True
Does 13 divide 2550158?
True
Does 91 divide 11359?
False
Is 5 a factor of 1173425?
True
Does 43 divide 105737?
True
Does 100 divide 537684?
False
Is 959 even?
False
Does 27 divide 5985?
False
Does 4 divide 25965?
False
Does 5 divide 12975?
True
Is 17 a factor of 1374739?
True
Is 315 a factor of 1192421?
False
Is 96843 a multiple of 57?
True
Is 88 a factor of 3392312?
True
Does 12 divide 4213208?
False
Is 1867834 a multiple of 86?
True
Is 177 a factor of 393345?
False
Is 154551 a multiple of 3?
True
Does 26 divide 502606?
True
Does 270 divide 20097180?
True
Is 25 a factor of 796150?
True
Is 7583 a multiple of 14?
False
Does 142 divide 21481?
False
Doe